1 + 6 + -10 - -8)?
-1
12 + 2 + (1 - -1 - 4)
12
-2 - (-66 + 74 - (-1 - -13))
2
What is the value of -21 - (23 + -16 - 5) - 9?
-32
What is -3 + 13 - 2 - (-59 + 64)?
3
Evaluate 4 - ((-13 - -5) + 3 - (1 - 18)).
-8
What is the value of -1 - (1 + -2 + 7) - -5?
-2
Calculate 7 + -6 + -6 + 7 - (2 - 4).
4
What is the value of 95 - 84 - (24 + 0)?
-13
Evaluate (42 + -48 - (-7 - -1)) + 10.
10
Evaluate 0 + -5 + -4 + (-3 - -22).
10
What is the value of (-5 + -10 - -10) + 1?
-4
What is the value of (-2 - (-6 + 9 + -9)) + 2?
6
What is 13 + -2 - (44 - 41) - 6?
2
(2 - (3 - 32) - (-166 - -157)) + -11
29
Calculate 40 - (-34 + 43) - 65.
-34
-6 + -8 + -12 - -17
-9
What is the value of 0 + -3 - 1 - (-1 - (-13 + 4))?
-12
Calculate -32 + 40 - (-1 - (-2 + (-2 - -1))).
6
Evaluate -40 + (-20 + 17 - -18) + 8.
-17
Calculate -184 - -175 - (3 + (-3 - 11)).
2
(0 + (0 - 1) - -11) + 1539 + -1545
4
Evaluate (-4 - (-4 - (2 - 10))) + 25.
17
-9 - (5 + -6 + 1 + -2)
-7
Evaluate 0 - 4 - (10 + -9 + -8).
3
What is (-3 + -1 - -11 - (24 - 2)) + 1?
-14
What is the value of (-5 - (-8 + 3)) + (2 - (5 - 4))?
1
What is the value of -3 + -2 + 32 - (-141 + 147)?
21
Evaluate 69 + -53 + -3 + -11.
2
-13 + (3 - -3) + -60 + 43
-24
Evaluate -8 - -1 - (-61 + 54 + (12 - 0)).
-12
Calculate (7 + (-5 - -8) - 0) + 9.
19
Calculate 0 - (5 + (2 - -1) + -9) - 1.
0
Evaluate (4 - 7 - 6) + 13 - -1.
5
(10 - 10 - -9) + -25 + 0
-16
(-1 - 11) + (5 - (55 - 39))
-23
What is the value of (6 - (-2 - (1 - 7))) + 3 - 13?
-8
What is the value of 29 + -26 + (14 - 13) + 18 + -1?
21
What is the value of (11 - 10) + 4 + -5?
0
Calculate -1 - -7 - (1 + 13) - -24.
16
Evaluate -13 - (10 - (13 + 0 - 5)).
-15
What is the value of 30 + -105 - -14 - -25?
-36
(4 - -8) + (-21 - (22 - 22))
-9
Calculate (-11 - (-5 + 0) - -4) + (-3 - 9).
-14
Calculate -33 + (19 - (17 - 12)).
-19
What is the value of -6 - (-6 - 6 - -29)?
-23
Evaluate -8 + (10 + -17 - 7 - -9) + 20.
7
-8 - (15 + -12) - (-1 - (-2 - -4))
-8
Evaluate (5 - 28) + 7 + 10 + -4.
-10
Calculate (1 - 1) + 6 + -5 + (-36 - -22).
-13
-8 - (-30 - -23) - (0 - (-2 + 3))
0
-22 + 0 - (-12 + 3 + -3 + 8)
-18
Evaluate -69 + (-12 - (-25 - 25)).
-31
18 - (0 + 3 + -6 - (9 - 14))
16
What is 15 + -32 - (-164 + 139)?
8
Calculate 21 + 2 + -14 + 8.
17
What is the value of 4 - (-10 - (-21 - -11))?
4
Evaluate 1 - (13 - (0 + -2)).
-14
Evaluate (3 - (-3 + -8 + 23)) + -8.
-17
What is (-27 - -2) + (46 - 36)?
-15
Calculate -13 + (-18 - (-78 + 19)).
28
Calculate (2 - (7 + 3)) + -21 + (56 - 13).
14
Evaluate -16 - ((-19 - -5) + 12) - -4.
-10
What is the value of -5 - 1 - (-13 - (-7 - 11) - 17)?
6
What is -3 - (2 + -7 + 7 + -12 - -4)?
3
-3 + -1 - (21 - 20)
-5
Evaluate (-7 - (8 - 5)) + -12 + 13.
-9
Calculate -2 - (-17 + (-3 - 6) + 19).
5
(-6 - 1) + 5 + 13 + 5
16
What is 7 - (1 + 2 - -4 - (1 + -15))?
-14
Calculate -20 + 1 - (-47 - (-34 + -8)).
-14
Evaluate -23 - (-50 + 34) - -30.
23
Calculate 4 - (11 - (-3 - -36)).
26
Evaluate -7 - (0 + -8 + (52 - 52) + 14).
-13
What is the value of -8 - (-9 - 0 - (-7 + 17 + -29))?
-18
(-5 - (13 - 19)) + -6
-5
Calculate 5 + (-9 - 3 - -4) + -15.
-18
Calculate -10 + 14 + 23 + (-11 - -2).
18
What is the value of 3 + 15 + (-27 - (-21 + 12))?
0
What is (-7 - -19) + (-4 - 0) + -2?
6
Evaluate (0 + 2 - (9 + -6 + -4)) + 9.
12
Calculate (0 - 0) + -11 + 0 + (35 - 37).
-13
What is (-19 - -21) + 10 + -32?
-20
-20 + -30 + 20 + 14
-16
384 + -386 + (8 - (-1 - (-4 + 1)))
4
Calculate -26 + -8 + 37 + (0 + -1 - 0).
2
Calculate -15 + -20 + 9 - -14.
-12
What is 6 - ((1 - (9 - 1)) + 3)?
10
-7 + 5 + 24 - (-3 + 14)
11
What is the value of (-10 + -17 - -9) + 5?
-13
What is 25 + -1 + (35 - 95 - -52)?
16
(-8 + 7 - (39 + -15)) + 3 + -1
-23
What is the value of 482 - 486 - (-1 - (2 + -3 + 0))?
-4
What is the value of -45 - -31 - (-11 - -27)?
-30
What is -6 + -10 + 19 + -2 + -14 + 3?
-10
What is (30 - (-37 - -71)) + (2 - 0)?
-2
Calculate (25 - 6) + -20 + 8 + 1 + 2.
10
What is -2 + (3 + -2 - 0) + 27 + -36?
-10
Calculate (12 - (-8 + 12)) + (0 - 5).
3
-17 - (-14 - (11 - 23))
-15
5 - (0 + (-10 - -4 - -3 - -6))
2
Calculate -29 + (-23 - (29 + -106)).
25
What is the value of -6 + 27 + 28 + -34?
15
What is the value of 1 + 12 + (202 - 211)?
4
What is the value of -45 - -24 - (-2 + -5)?
-14
What is -2 + 5 - (112 + -113 + (1 - -1))?
2
0 + 9 - (-29 + 18 + 18 - 6)
8
What is 20 - (42 - (1 - -15))?
-6
Evaluate 15 - (0 - (2 - -4)) - 8.
13
Evaluate 28 + ((-7 - -19 - 4) + -6 - -2).
32
What is -3 + -3 + -2 + (-27 + 54 - 36)?
-17
What is -2 + 9 + (-2 - -2 - -5)?
12
Calculate (4 - 5) + (-8 - -9).
0
Calculate 12 + ((1 - 4) + 15 - 12).
12
Calculate -1 + ((-6 + 21 - 7) + -19 - -2).
-10
Evaluate (-14 - -4) + 11 + -11.
-10
Calculate 16 + (-27 - -18) + -3.
4
Evaluate 7 + (-4 - -5) + -15.
-7
What is the value of 1 + 24 + -22 + 2 + 0 + 0?
5
What is 24 - ((54 - 9) + -28)?
7
1 - 10 - (-17 - (-1 + -2))
5
Evaluate (0 - -7) + (-14 - 10) + 4.
-13
What is the value of -1 - (20 - 12 - -3)?
-12
46 - (103 - 15) - (-14 + 0)
-28
3 + 1 + 7 + -6 + 0 - 6
-1
Calculate (1 - 4 - -1) + (23 - 17).
4
(7 + -3 - 5 - 5) + 11 - 1
4
What is the value of 5 - (-14 - (-7 - 3)) - 6?
3
Calculate -12 - (-17 - -29 - 21).
-3
Calculate -28 + 6 + 11 - 1.
-12
3 - (-2 + -15 + 63 + -58)
15
Calculate -14 + 17 + 0 - -12.
15
What is -38 + (-2 + 9 - (-17 + 0 + 14))?
-28
-13 + -1 + 8 + 7
1
Calculate 14 + -22 + -20 + (0 - -3) + 4.
-21
Evaluate -1551 + 1595 + -43 + 0.
1
What is -20 - (-5 + -18 - -3)?
0
What is -18 + -1 - (19 - (20 - -1))?
-17
Calculate -4 - -12 - (18 + -6 - -8).
-12
What is the value of (0 + -13 + 8 - -3) + 32 + -6?
24
Evaluate 0 + -9 + 1 - (66 - (31 + 37)).
-6
What is -9 + (3 - (-12 - -14)) - -19?
11
-12 - -5 - (25 - 31)
-1
What is the value of (1 - -5) + 72 + -25 + -53?
0
What is the value of 3 + 11 + 1 + -2 + 4?
17
Calculate (0 + 5 - 3) + (15 - 12) - -3.
8
What is the value of (3 - (7 + -13)) + 3 - (2 + 1)?
9
Calculate (144 - 118) + (-7 - (0 + -1 + 1)).
19
Calculate 10 + (-12 - -31) + -26.
3
Calculate -17 + 5 + 6 + 39.
33
What is the value of -7 - (-9 + -13 - -23)?
-8
What is 31 - 18 - (5 - -1)?
7
Evaluate -7 + -1 + 17 + -17 + 8.
0
42 + (-10 - 32) + (0 - 0)
0
What is -29 + (1 - -30) + -14?
-12
What is the value of (-1 - 1 - 4) + (20 - 33) - -4?
-15
(5 - 2) + 23 + (19 - 29)
16
-11 + 49 + -28 + -32
-22
13 + (8 - (10 + -2) - (-1 + -1))
15
What is -17 + -9 + 20 + -4 + 5 + 12?
7
What is -6 + (10 - -5) + 10 - 3?
16
What is the value of 0 + -11 + (61 - 70 - (-9 + 1))?
-12
Calculate -34 + (42 - 18 - 14).
-24
Calculate (3 - -2) + 7 + 13.
25
What is the value of -21 + (0 - -5) - -6?
-10
Calculate -22 + 0 + -7 + (2 - -5) - -3.
-19
What is -25 - (-41 + (15 - -2))?
-1
What is (12 + -15 - 0) + (2 + 0 - -2)?
1
-11 + 18 - (-6 + 20 + -2) - 2
-7
Calculate (-6 - (-14 - -11) - 8) + (-6 - 1).
-18
Evaluate (-13 + -8 + 2 - -3) + (-6 - -5).
-17
What is the value of -23 - (-25 + -4 + -6)?
12
Evaluate (16 - 5) + (4 - (4 + -3 - -2)).
12
Calculate 15 + (-80 - -40 - -27).
2
Evaluate (-23 - (3 - 10)) + 0 + (-4 - -7).
-13
-20 + 34 + (-19 - -5)
0
Calculate 16 - (14 - (6 + -18)) - 16.
-26
What is (0 - (9 + 4)) + 12?
-1
-68 + 100 + (-17 - 2)
13
Evaluate -4 + 9 + -6 + -3 - -7.
3
Calculate 3 + 0 + -1 + 0 + -48 + 42.
-4
Evaluate 2 + -4 + -5 + 3 - (-7 + 2).
1
(6 - 16) + (12 - 11 - -9) + -25
-25
What is -5 - -11 - ((-16 - 1) + 11 + -6)?
18
What is the value of (13 - (-5 + -4)) + (5 - 18 - -4)?
13
What is the value of (2 - (-1 - 1) - (-1 - -8)) + 8?
5
Evaluate -9 + 2 + -3 - (-265 + 264).
-9
Calculate -1206 + 1214 - (-7 - 0).
15
6 + -8 + 5 - -3
6
What is the value of 50 - 31 - (0 + 20)?
-1
Evaluate 3 - (22 - 24) - -4.
9
What is the value of 2 - (-10 - 2 - (-39 - -34))?
9
-14 + (-9 - 3 - -22)
-4
What is the value of 108 + -103 - (0 - -6)?
-1
Calculate 0 + -1 + (-72 - -31 - -44).
2
What is (2 - 3) + 6 - -4 - (4 - -27)?
-22
What is the value of -72 + 26 + 18 - -41?
13
What is 2 - (4 - (3 - 10))?
-9
6 + -4 + (7 - 18 - -3)
-6
What is the value of (10 - (-9 - -6) - 10) + 9?
12
What is 4 + 0 + -7 + (1 - 0) + 2?
0
What is the value of -7 - (2 + (-4 - 4) + 8)?
-9
Evaluate -11 - 7 - (-3 + -3 + -1).
-11
Calculate 7 - (0 + 3) - (-3 - (4 + -12)).
-1
What is the value of (15 - 0) + (-8 + 17 - 50)?
-26
10 + (14 - (0 + 6)) + -1
17
What is the value of -237 + 257 - (11 + -2 - 0)?
11
Calculate 3 - (-4 - (-3 + 3)) - (8 - -3)